Calculate the remainder when 11 is divided by d/((-3)/5) - 0.
1
Let i(b) = -b**2 - 9*b + 13. Let a be i(-12). Let r be (a - (2 + -1))/(-2). Let g = r + -3. What is the remainder when g is divided by 6?
3
Let t(h) be the third derivative of h**6/120 - h**4/24 + 3*h**3/2 - 9*h**2. What is the remainder when 52 is divided by t(0)?
7
Let h = 50 + -47. What is the remainder when (-2 - (-14)/4)/(h/50) is divided by 7?
4
Let o = 534 - 487. What is the remainder when 277 is divided by o?
42
Let a(s) = s + 13. Calculate the remainder when 119 is divided by a(7).
19
Let m(f) = f + 1. Let l(d) = -2*d + 15. Let j(x) = -l(x) + 3*m(x). Calculate the remainder when 23 is divided by j(5).
10
Calculate the remainder when (16/9)/(6/27) is divided by 7.
1
Let v = -616 - -655. Suppose -4*k + 6 + 10 = 0. Let w(z) = z**2 - z - 2. Calculate the remainder when v is divided by w(k).
9
Calculate the remainder when (4/6)/((-2)/(-129)) is divided by 8 - (0 - -1)*-1.
7
Suppose 3*y - 40 = -2*y. Let h = 18 + -7. What is the remainder when 42 - (y/4 + -3) is divided by h?
10
Suppose -2*v = 5*n - 135, -2*n - 3*n - v = -130. Suppose -2*d = -0*i - 2*i + 8, -4*d = -12. What is the remainder when n is divided by i?
4
Suppose l = 27 + 2. Let q be 0 - (3 + 1)/4. What is the remainder when l is divided by (q - (-15)/(-10))*-4?
9
Let u = -11 - -19. Suppose 0 = 5*x + 2*r - 111, x + u*r = 4*r + 33. Calculate the remainder when 62 is divided by x.
20
Let y = -1525 - -1538. What is the remainder when 97 is divided by y?
6
Let b(q) = q**3 - 7*q**2 + 10*q - 6. What is the remainder when (-12 + -5)*-4*1 is divided by b(6)?
14
Suppose 15*t - 2685 - 2520 = 0. Calculate the remainder when t is divided by 27.
23
Let h = 91 + -45. What is the remainder when 71 is divided by h?
25
Let r be 10/20*7/((-14)/(-540)). Suppose -3*w = 51 - r. Let f = 94 - -16. What is the remainder when f is divided by w?
26
Calculate the remainder when 288 is divided by (9 - (-9 + 9)) + 8.
16
Let f be 26/(-2)*(-6 + 5). Let c = f + 12. Calculate the remainder when c - (4 - -4 - 4) is divided by 11.
10
Suppose 33*s = 36*s - 153. Calculate the remainder when s is divided by 26.
25
Let i(j) = 18*j - 157. Calculate the remainder when 376 is divided by i(13).
68
Suppose -3*x + 2*w = -5, 3*x - 4*w + 2 = x. Suppose -3 = -5*n + 7. Suppose -3*f = 3*z - 18, 0 = 2*f - 0*f - n*z. What is the remainder when x is divided by f?
0
Let s = 247 - 243. Let g(l) = l**2 + 3*l - 1. What is the remainder when g(2) is divided by s?
1
Let s = 2037 + -2012. What is the remainder when 168 is divided by s?
18
Let t(l) be the third derivative of -1/6*l**3 + 1/24*l**4 + 0*l + 4*l**2 + 2/15*l**5 + 0. Calculate the remainder when t(3) is divided by 19.
17
Let g(s) = -2*s**3 - 2*s**2 + s + 1. Let x be 15/10*16/6. Suppose 5*c + 5*l - 24 = 31, -x*l + 8 = 0. Calculate the remainder when g(-3) is divided by c.
7
Suppose -101 - 43 = -4*u. Calculate the remainder when (5 + -25)*(-77)/22 is divided by u.
34
Suppose -5 = -7*l + 6*l. Suppose 10*b = l*b + 10. Calculate the remainder when 16 is divided by b.
0
Let s(b) = -10*b + 2. Let f = 17 + 7. Suppose 1 = -u - 3*m, 4*u - f = 3*m + 32. What is the remainder when s(-3) is divided by u?
10
What is the remainder when -35*(1 + 10/(-5)) is divided by 20?
15
Suppose 2*k + 2*k - 896 = 0. Let h(p) = 45*p + 870. What is the remainder when k is divided by h(-19)?
14
Let u = 74 - 52. Let n = -13 + u. Calculate the remainder when 16 is divided by n.
7
Suppose i + 2*i = 3*v + 48, 0 = -2*i - 3*v + 42. Suppose -i*m = -17*m - 19. Let x = 80 + -43. What is the remainder when x is divided by m?
18
Let m = 775 - 752. What is the remainder when 134 is divided by m?
19
Suppose 4*x - 3*w = -158, 0 = x + 2*x + 5*w + 104. Let r = x - -56. What is the remainder when 30 is divided by r?
12
Suppose 2*v + 155 = 35. Let l = -36 - v. Suppose -4*a + l + 12 = 0. Calculate the remainder when 16 is divided by a.
7
Let f = -336 - -360. What is the remainder when 190 is divided by f?
22
Suppose -502 - 118 = -4*a. What is the remainder when a is divided by 25?
5
Let u = 1054 + -922. What is the remainder when u is divided by 91?
41
Suppose 2*p + 4 = 4*a, p + 0*p + 14 = 5*a. Calculate the remainder when 14 is divided by p.
2
Suppose -9*q + 43 = 16. Suppose -q*i = -4*k - 0*k - 241, -4*i = 2*k - 292. What is the remainder when i is divided by 13?
10
Let l(v) = -v**2 + v + 1. Let t(s) = 5*s**2 - 7*s - 4. Let m(n) = -6*l(n) - t(n). What is the remainder when m(3) is divided by (64/12 - 4)*(-9 - -12)?
2
Let h = -5 + 17. Let k = 94 + -56. Calculate the remainder when k is divided by h.
2
Let z(s) = 6*s + 269. What is the remainder when z(-19) is divided by 36?
11
Let y(k) = -k**3 - k**2 + 2*k + 100. Let c be y(0). Suppose -6*z + 2 = -c. What is the remainder when z is divided by 5?
2
Suppose -20 = -24*i + 1132. What is the remainder when 278 is divided by i?
38
Calculate the remainder when 263 is divided by (76/38)/(4/14).
4
Let g(h) = -9*h + 90. Calculate the remainder when 52 is divided by g(5).
7
Let p be -3*(-4 + (-4)/(-4)). Let x(u) = -3*u**2 + u**3 + 2*u**2 + 5*u**2 - p + 2*u + 0*u. What is the remainder when x(3) is divided by 21?
18
Let m(x) = 2*x**2 - 7*x + 6. Let n be (-1 + 2)*(-13 + 13). Suppose -4*z - 4*w + 32 = -8*w, -3*z + w + 28 = n. What is the remainder when m(6) is divided by z?
6
Let v(f) = f**3 + 6*f**2 + 3*f + 3. Let t be (1 - 1)/(-3) - 8. Let z = t + 46. What is the remainder when z is divided by v(-5)?
12
Let q = -5 + 10. Suppose 0*t + 155 = q*t. Let w = t - 7. Calculate the remainder when w is divided by 9.
6
Suppose -2221 = -l - 4*c + 804, -12 = 3*c. What is the remainder when l is divided by 26?
25
Suppose 5*h + j - 105 = 0, 2*j + 2*j + 42 = 2*h. Let a be -5 - 0*(-4)/12. Let l(w) = w + 17. Calculate the remainder when h is divided by l(a).
9
Suppose 2*m - 3*m + 4 = -2*f, -15 = -5*m + 5*f. Suppose 2*z + 250 = m*i, -379 = -3*i + 3*z - 4*z. What is the remainder when i is divided by 32?
30
Suppose 3*r - 53 = -5. Calculate the remainder when 32 - 5*(-4)/(-10) is divided by r.
14
Let o be (12/18)/(4/18). Suppose -3*d - 3 = -27. Suppose -q + d = o*q. What is the remainder when q is divided by 1?
0
What is the remainder when 198 is divided by -15 + (-2681)/(-35) + 4/10?
12
Let c be (4 + 1)/(-12 + 11). Let j(u) = u**3 + 6*u**2 + 2*u - 7. Let h be j(c). Let x(p) = p - 5. What is the remainder when 11 is divided by x(h)?
2
Let w = -1 + 4. Suppose 12 = 308*p - 304*p. Suppose -p*b - 7 = -w*f - 1, -b + 19 = 2*f. Calculate the remainder when 18 is divided by f.
4
Suppose 3*k + 11 + 13 = 0. Let o(y) = y**2 + 11*y + 4. Let z be o(k). Let t = 31 + z. What is the remainder when t is divided by 3?
2
Let p(u) = 3*u + 9. Let a be p(-4). Let o = a + 6. Calculate the remainder when 3 is divided by o.
0
Let i = -4 - -5. Let r = 21 + i. Suppose -4*u + 0*u = -48. What is the remainder when r is divided by u?
10
What is the remainder when 47 is divided by ((-153)/(-6))/(27/36)?
13
Let r = 464 - 410. What is the remainder when r is divided by 19?
16
Let y = -924 + 937. What is the remainder when 437 is divided by y?
8
Let i(g) = -5 + 29*g - g**2 - 22 - 10 - 8. What is the remainder when 34 is divided by i(27)?
7
What is the remainder when (-391)/(-2) + (-1 - 3/(-2)) is divided by 50?
46
Let a = 24 + -22. Suppose -5*i + 830 = 3*m, -5*m = -a*i + 271 + 30. Calculate the remainder when i is divided by 55.
53
Suppose -1877 + 5552 = 21*c. Calculate the remainder when c is divided by 14.
7
Let b(p) = p**3 - 19*p**2 + 16*p + 46. Calculate the remainder when 247 is divided by b(18).
7
Suppose s - y = 2 + 5, 31 = 3*s - 5*y. Calculate the remainder when 15 is divided by s.
1
Let k = 227 - 40. Suppose 14 = 3*p - k. Let g(h) = 17*h. Calculate the remainder when p is divided by g(1).
16
Suppose -4*m + 79 = 19. Calculate the remainder when 268 is divided by m.
13
Let b = -11 + 9. Let v be (b + 1)/(-1) - -3. Suppose -2*m + 74 = -v*d, -4*d = -2*m - 3*m + 203. Calculate the remainder when m is divided by 15.
13
Let l = 407 - 287. Suppose d = -9*d + l. Calculate the remainder when 57 is divided by d.
9
Suppose l + 2*f = 7, 3*l - 3*f - 87 = -2*l. Suppose l*s - 1299 = -234. Calculate the remainder when s is divided by 24.
23
Let t be -4 + 6 + (-1 - -68). Suppose t*k - 74